. Let r be a(6). Let u = -42 - r. What is the tens digit of u?
8
Let x(r) = -475*r + 58. What is the thousands digit of x(-4)?
1
Suppose 0 = -4*k - 0*k + 24. Let b(l) = l + k + 4 - 3. What is the units digit of b(-5)?
2
What is the hundreds digit of ((-1962)/6 - -7)*-4?
2
Let r(f) = f**3 + 20*f**2 - f - 18. Let z be r(-20). Suppose 3*h = d - 6*d + 505, 0 = z*d + 5*h - 183. What is the hundreds digit of d?
1
Let p = -129 - -231. Let k = p - 42. What is the units digit of k?
0
Let a(o) = 88*o**2 - 2*o - 9. Let s be a(-2). Let y = -234 + s. What is the units digit of y?
3
Let l(b) = -5*b + 10. Let f be -6*(0 + 10/(-12)). Let w be l(f). What is the units digit of 9*(-50)/w - 3?
7
Suppose 0*f + 773 = 4*f - 5*g, g + 1 = 0. Let u = f + -44. What is the hundreds digit of u?
1
Suppose 0 = -k + 2*v - 69, 0 = -3*k - k + 3*v - 266. Let d = 156 + k. What is the tens digit of d?
9
Suppose 4*x - 5*r = 8, 7*x - 4*x + 2*r = 6. Suppose 2*u = k - 527, u = -x*u - k - 783. What is the units digit of 6/21 + u/(-14)?
9
Let w(p) = p**2 - 9*p - 38. Let v = -24 + 42. What is the units digit of w(v)?
4
Let i = -80 - -88. Let c = -17 + 11. What is the units digit of 60/(-8)*i/c?
0
What is the units digit of 0 - (12/(-5) - (-30)/(-50))?
3
What is the tens digit of (76/(-133) - 10362/(-28))*2?
3
Suppose -10*j + 1151 = 251. What is the tens digit of j?
9
Suppose -2*o + 6 = 3*h, -h - 2*h + 6 = -3*o. Suppose o*c - 4 = -c. Let n = c + 11. What is the units digit of n?
5
Suppose -s - 3*j + 330 = 0, -5*j + 115 = 3*s - 867. What is the tens digit of s?
2
Let u = 1071 - -767. What is the hundreds digit of u?
8
What is the hundreds digit of (464/145)/(2/100)?
1
Let f(v) = -v**3 + 6*v**2 - 5*v + 2. Let o be f(5). Suppose -8*d + o = -6*d. What is the units digit of d/(-3) - (-25)/3?
8
Let r be (1 + (-2)/(24/45))*-4. Suppose 0 = -r*t + 448 + 663. What is the tens digit of t?
0
Suppose 61 = 2*o + 19. Suppose n = 53 - o. What is the units digit of n?
2
Let x be (-5 + 1)/((-4)/86). Suppose 4*g - 118 = -5*z, -29 = -5*z - 5*g + x. Suppose -o = -4*f - z - 17, 4*o = -f + 155. What is the units digit of o?
9
Suppose 4*v + 1768 = 4*f + 8*v, 0 = -5*f + 5*v + 2220. What is the units digit of f?
3
What is the tens digit of 3092/16 + 2 + 15/(-12)?
9
Let z(y) = 25*y + 9. Let r(n) = 6*n + 2. Let t(k) = 3*k + 1. Let c(g) = 6*r(g) - 11*t(g). Let p(w) = -51*c(w) + 6*z(w). What is the tens digit of p(-7)?
2
Suppose 59 - 19 = 5*i. Suppose 3*w = -3, -i*w + 3*w + 115 = 2*y. What is the units digit of y?
0
Let x be -2 + (-1)/2*2. Let r be x - -4 - (1 - 26). Let z = -21 + r. What is the units digit of z?
5
Suppose -4*q = 20, -5*q + 15 + 8 = 4*t. Suppose t = 6*i - 2*i. Suppose -4*b - i*z = -b - 18, -3*b - z = -16. What is the units digit of b?
5
Let f = -552 - -227. Let s = -186 - f. What is the tens digit of s?
3
Suppose 0*k = -k + 4. Suppose -17 = -3*t + k*g, 23 = t + 2*t + 2*g. Let n = t - -17. What is the tens digit of n?
2
Suppose -4*w + q + 121 = 0, 2*w - 4*q = 16 + 34. Suppose 0 = -4*l + w + 205. What is the tens digit of l?
5
Let g(l) = 3*l + 25. Let z be g(-9). What is the tens digit of z/(-6) - (-806)/39?
2
Suppose -4*x - a - 417 + 7265 = 0, -x = -3*a - 1725. What is the tens digit of x?
1
Let l(a) = -4*a + 4. Let p be l(0). Suppose -p*j - 5*z = -722, 7*z = -3*j + 3*z + 541. What is the units digit of j?
3
Let h(o) = 9*o**2 + 5*o - 7. Let g be h(2). Suppose 5*j - g = 326. What is the tens digit of j?
7
Suppose 2647 = -59*n + 138465. What is the thousands digit of n?
2
Let o(w) = w**3 - 28*w**2 + 55*w + 16. Let p be 28 - (-2 + (2 - -2)). What is the tens digit of o(p)?
9
Suppose 0 = -20*c - 15*c + 21700. What is the units digit of c?
0
Suppose -b - 4*s + 252 = -0*s, 2*b - 504 = -s. What is the tens digit of b?
5
What is the tens digit of (6/4)/(571810/51980 + -11)?
9
Let y(w) be the first derivative of -w**4/4 - 2*w**3 + 4*w**2 + 7*w - 4. Let r be y(-7). Let v = r + 10. What is the tens digit of v?
1
Suppose -f = -2, -l + 1181 + 138 = 3*f. What is the units digit of l?
3
Let a(x) = 1715*x**2 + 5*x - 5. What is the hundreds digit of a(1)?
7
Suppose 0 = 12*p - 3792 - 5100. What is the hundreds digit of p?
7
What is the tens digit of -30 + 36 - (-1870)/2?
4
What is the tens digit of (-9)/(-6) + 4598/76?
6
Let l be (-3)/2 + (-167)/(-2). Let b be (0/(-5))/((-2)/(-1)). Suppose b = c - 5*i - 32, 5*c + 2*i - l = i. What is the tens digit of c?
1
Let y = 273 + -163. Let g = 75 - y. What is the units digit of 18*(g/(-15) - 0)?
2
Let p be (-18)/(-8)*(4 + (-40)/15). Suppose -20 = 7*z - p*z, 0 = 3*x + z - 490. What is the units digit of x?
5
Let f = -3 + -20. What is the tens digit of (1 + f)*(-21)/14?
3
Let o be (-2)/2*-1 + 2. Suppose g = 2*a - 104, 312 = 5*a + o*g + 52. Let c = -37 + a. What is the tens digit of c?
1
Let a(x) be the second derivative of x**3/2 + 41*x**2 - 17*x. What is the units digit of a(0)?
2
Suppose -10*y + 6342 = -1228. What is the hundreds digit of y?
7
Let s(i) = -i**3 - 7*i**2 - i. Let k be s(-7). Let m(r) = -r**3 + 8*r**2 - 8*r + 4. Let q be m(k). What is the tens digit of 11 + -1 - -1 - q?
1
Suppose 4*c = 3*s + 84, -10*c + 105 = -5*c - 3*s. Let k = 103 - c. What is the tens digit of k?
8
Suppose -9*i + 11*i = 80. What is the tens digit of i?
4
Suppose 3*t = -2*z + 258, 272 = 3*z - z - 4*t. What is the units digit of 11/(z/18)*544/6?
6
Let n = 11 - 8. Suppose 9*o = 11*o - 4. Suppose 0 = -3*j - n*a + 15, o*a + a = 3*j - 21. What is the units digit of j?
6
Suppose 9679 = 15*w - 2441. What is the hundreds digit of w?
8
Suppose 5*f = 2 + 48. Suppose -f*r + 6*r = -112. What is the tens digit of r?
2
Let k = 120 - 70. Let x = k - -5. What is the units digit of x?
5
Let l(z) be the first derivative of z**3/3 - 5*z**2/2 + 5*z - 2. What is the units digit of l(6)?
1
What is the hundreds digit of (41 + -1)*874/152?
2
Let f(y) = -1 + 0 - 2*y - 3*y + 2. Let d be f(4). Let w = d - -44. What is the tens digit of w?
2
What is the hundreds digit of 40/32 - 495/(-4)?
1
Let m(d) = d**2 + d + 3. Let l be m(0). Let r(n) = 5*n + 2. Let y be r(l). Suppose c - 2*w - y = 2*w, -3*c + 51 = -5*w. What is the units digit of c?
7
Let r(q) = q + 36. Let u be r(0). Let g = u + 29. What is the units digit of g?
5
Suppose -2*j = -m - 7, -3*j - 3*m = -3 - 12. Let o(i) = -5*i + 4*i**2 - 3*i + j*i + 5*i. What is the units digit of o(-1)?
3
Let y = 421 + 953. What is the units digit of y?
4
Let a(b) = -2*b + 10. Let r be a(3). Suppose 3*q = -5*w + 1223, r*q - 158 = -4*w + 822. What is the tens digit of w?
4
Let n = -32 + 55. Suppose 0*o + 2*o + 36 = 0. Let j = n - o. What is the tens digit of j?
4
Suppose 3*j = -9, -4*f + 3151 = 6*j - 3*j. What is the tens digit of ((-36)/(-16))/9 + f/8?
9
Suppose 3*g = 11*g - 240. Let d = 175 - 95. Let q = d - g. What is the tens digit of q?
5
Let b = 6 + 52. Let q = b - 324. What is the tens digit of q/(-10) + (-14)/(-35)?
2
Let m(u) = -35*u - 1. Let d be m(5). Let w = d + 320. What is the tens digit of w?
4
Let b = 9 + -7. Suppose 6*g - 88 = b*g. Suppose 2*v - g = -8. What is the units digit of v?
7
What is the units digit of -27*((-140)/3)/14?
0
What is the hundreds digit of 18147/12 + (-1)/(-3 - -7)?
5
Let l be -3 - ((-234)/(-3))/(-2). Suppose 0 = -5*r - x - 3*x + 33, l = 3*r - 3*x. Suppose -a + 2 + r = 0. What is the units digit of a?
1
Suppose 2*d + 5*y = 1923, -108*d - y + 969 = -107*d. What is the tens digit of d?
7
Let p(l) = l + 99. What is the units digit of p(-7)?
2
Suppose -32 = 4*f + 5*v, -5*f - 6*v + v = 40. Let s = f - -14. Suppose 5*w - 169 = -4*a + s*a, 0 = -4*w + a + 137. What is the tens digit of w?
3
Let k = -1 - -7. Let p(t) = 9*t - 6. What is the tens digit of p(k)?
4
Let g(i) = i**3 - 7*i**2 - i + 9. Let f be g(7). Suppose 3*o - 4*l - 1290 = 0, 0 = -3*o + f*l - 5*l + 1269. What is the tens digit of (-8)/(-36) + o/27?
1
Suppose 2*c + q - 4*q - 60 = 0, -2*q - 128 = -5*c. Let z = c - 15. What is the units digit of z?
9
Suppose 5*g - 88 = -4*d, -g - 2*g + 44 = -2*d. Let z = -5 + g. Let v = 21 - z. What is the units digit of v?
0
Let a = -61 + 65. What is the tens digit of 4/a - (-42 + 1)?
4
Let z(s) = 100*s**2 + s - 11. What is the hundreds digit of z(3)?
8
Let b = 105 - 105. Suppose u - 2*h - 258 = b, -2*u = 4*h - h - 509. What is the units digit of u?
6
Let b b